5/60 - 7*u**4/24 + 2*u**3/3 + 5*u**2. Let b(k) be the first derivative of m(k). What is b(v)?
3
Let g(x) = 2 + 4 + 2*x**2 - 1 + x - 9. Calculate g(3).
17
Let u(w) be the third derivative of -13*w**5/60 - w**4/12 - w**3/6 + 26*w**2. What is u(-1)?
-12
Let d(m) = 3 - 1016*m - 1017*m + 2037*m. Give d(3).
15
Let p(w) = -14*w**3 - 7*w**2 + 7*w - 7. Let y(f) = -f**3 - f**2 + f - 1. Let g(l) = p(l) - 6*y(l). What is g(1)?
-9
Let k be -4*12/48*7. Let g(i) = i**3 + 6*i**2 - 16*i - 51. Calculate g(k).
12
Let s(w) = w**2 - 3*w - 1. Let z(b) = 2*b + 1. Let p(h) = -2*s(h) - 3*z(h). Let v be 2*(-13)/130*-5. Determine p(v).
-3
Let i(g) be the first derivative of -g**5/4 + g**4/6 - g**2/2 + 12*g + 1. Let l(n) be the first derivative of i(n). What is l(-1)?
6
Suppose -2*z - w + 6 = 0, -w + 4 = -0*w. Let b(c) = -c**3 + 1. Let f(q) = -6*q**3 + 3*q**2 + 2*q + 9. Let y(m) = z*f(m) - 5*b(m). Calculate y(3).
10
Suppose 88 = -4*v + 5*l, -76 = 5*v + 2*l + 34. Let q be 8/(-20) - (v/5 + 2). Let k(w) = 4*w - 3. Let z(t) = -5*t + 4. Let m(s) = 6*k(s) + 5*z(s). Give m(q).
0
Let y(t) = t**3 - 4*t**2 + 5*t + 22. Let j(d) = -d**3 + d**2 + d - 6. Let k(v) = -2*j(v) - y(v). Determine k(-3).
2
Suppose -7*t + 90 = -2*t. Let p(q) = -2*q + 30. Let i be p(t). Let j(m) = -m**2 - 7*m - 5. What is j(i)?
1
Let h(a) be the third derivative of a**4/24 + 7*a**3/2 + 36*a**2. Calculate h(0).
21
Let c be ((-9)/2 - 0)*(-6)/9. Let d(m) = m + 5. Let w(b) = 1. Let p(y) = c*w(y) - d(y). What is p(0)?
-2
Let p(t) = -3*t**2 - 21*t + 11. Let u be p(-7). Let w(k) = 2*k**2 + k - 21. Let a(o) = -o**2 - o + 11. Let d(y) = u*a(y) + 6*w(y). Calculate d(5).
-5
Suppose -3*q + 60 = 18. Suppose 3*t = t + 36. Let o = q - t. Let v(k) = k**3 + 3*k**2 - 7*k - 6. Calculate v(o).
6
Let g(h) be the first derivative of 9*h**2/2 + 45*h + 791. Give g(-7).
-18
Let f be (1/4)/(0 - 1/(-20)). Let n(j) = -j**3 + 4*j**2 - 4*j + 2. What is n(f)?
-43
Let p(n) = n + 39536 - 3*n - 39531 + 4*n. Let j = 7 + -14. What is p(j)?
-9
Let q(n) = -4030*n**2 + 8049*n**2 + n - 4 - 4020*n**2. Calculate q(6).
-34
Let z(i) = 21 - 3*i**3 + 4*i**3 - i**2 - 21. Let x(u) = 4*u**3 - 12*u**2 + 9*u + 3. Let j(v) = -x(v) + 5*z(v). Calculate j(-8).
5
Let o = -1235 - -1246. Let m(x) be the first derivative of -o*x + 5 - 5*x**2 - 1/3*x**3. Determine m(-8).
5
Suppose 5*f = 3*q + q - 44, -q = f - 2. Let h be ((-4)/4)/(2/q). Let m(y) = -59*y + 42*y + 0 + 1 + 19*y. What is m(h)?
-5
Let f be 3*(1 - (-2 + 2)). Let c(z) = 3 + 7*z - 5*z - z**3 + 2*z**2 - 1 - z. Calculate c(f).
-4
Let i(u) = -2*u**2 + 41*u - 23. Let h be i(20). Let q(g) = 6*g**3 - 4 + 0*g**2 - 3*g - 4*g**2 - 16*g**3 + 9*g**3. Give q(h).
-4
Let n(h) = -h**2 - 2*h + 1. Suppose 15 = -9*t + 24. Calculate n(t).
-2
Let o = 25 - 23. Let i(w) = w**o + 4*w + 18 + 17 - 32. What is i(-4)?
3
Let x(v) = -v**2 - 10*v - 6. Let b = 184 + -193. Determine x(b).
3
Let w(c) be the first derivative of -c**3/6 - 6*c**2 - 11*c - 15. Let f(r) be the first derivative of w(r). Determine f(-6).
-6
Let j(y) = 8*y**3 - 8*y**2 + 13*y - 4. Let v(l) = 7*l**3 - 8*l**2 + 12*l - 5. Let n(q) = 6*j(q) - 7*v(q). What is n(8)?
-37
Let l(v) = 3 + 321*v + 1 - 324*v. Let r(c) = c + 0*c + 8 - 4. Let y be r(-7). Calculate l(y).
13
Let r(z) = -z**2 - 1. Let f(w) = 2*w**2 - 9*w. Let n(v) = f(v) + 3*r(v). Give n(-9).
-3
Let w(u) = u + 9. Suppose 5*s + 4*n = 94, -2*n = -2*s + 35 - 1. Suppose 3*c + 72 = -3*b + s, -38 = 2*c + 3*b. Let m = -22 - c. Give w(m).
3
Let f(d) = -d**3 - 3*d**2 + 2*d - 3. Suppose 4*n - 5*n = 5*b + 9, 5*n + 3*b = -23. What is f(n)?
5
Let r(n) = n + 1. Let j be 4/16*4/3*9. Let t be r(j). Let i(v) = v - 2. What is i(t)?
2
Let j(t) = 3*t**2 - 31*t - 1 - 10 + 25*t + 2*t**2. Let s(c) be the first derivative of -c**3/3 + c**2/2 + 2*c + 2. Let p(r) = 2*j(r) + 11*s(r). Give p(-2).
-2
Let f = -98 + 94. Let r(c) = -c**3 - 5*c**2 - 6*c - 1. Determine r(f).
7
Let d(v) be the first derivative of v**3/3 + 2*v**2 - 3*v + 6. Let n(t) = 2*t + 20. Let g be n(-9). What is d(g)?
9
Let t(k) be the second derivative of 5/2*k**2 - 5*k + 0 - 1/6*k**3 + 1/12*k**4. Calculate t(0).
5
Let p(j) = j**3 + 4*j**2 + 2. Let x = -35 + 9. Let n = -29 - x. Give p(n).
11
Let n(k) = 2*k**2 + 3*k + 4. Suppose 22*g + 36 = 10*g. Determine n(g).
13
Let d(l) = 3*l - 44. Let q(k) = 3*k - 45. Let v(p) = 3*d(p) - 4*q(p). Determine v(15).
3
Let c(t) = -2*t - 2. Let f(m) = 2*m + 1. Let i(y) = -4*c(y) - 5*f(y). Let x = -73 - -68. Calculate i(x).
13
Let d = 2111 + -2109. Let l(t) be the first derivative of -1/3*t**3 - 1/2*t**2 + 5 - d*t. Calculate l(2).
-8
Let p(q) = -20*q**3 - 13*q**2 - q - 9. Let t(d) = 9*d**3 + 6*d**2 + 4. Let a(m) = -4*p(m) - 9*t(m). Let n = -1 + -2. Determine a(n).
-3
Let a(z) = -z**3 - 3*z**2 + 3*z + 1. Let u(c) = -c**3 - 4*c**2 + c. Let s be u(-3). Let o be (-12)/(s/3) + -2. Let n be 13/39*o*-9. What is a(n)?
-8
Let i(n) = -n**3 + 5*n**2 - 5*n + 4. Suppose 0 = -3*q + 12, 0 = -3*w + 3*q - 0*q + 129. Let k = w + -43. Determine i(k).
0
Let t(y) be the third derivative of -y**6/360 + 7*y**4/24 + y**3/3 - 36*y**2. Let k(j) be the first derivative of t(j). Calculate k(-5).
-18
Suppose 27 = -4*t + d, 13 = -4*t - 4*d + 1. Let r be 2/t*0/(-2 + 1). Let v(x) = -x + 7. Calculate v(r).
7
Suppose 5*s - 3 = 27. Let g(b) = 9 - 6*b - s - 3. Give g(1).
-6
Let d(f) = 1 - 3*f - 4*f - 4 + 5. Suppose -3*x + 32 = x. Let w = -6 + x. Give d(w).
-12
Let q(i) = -i**3 + 7*i**2 - i + 7. Let t be q(7). Let w be 6/(-10) - 0 - 1023/(-155). Let o(r) = -4 + 4*r + t*r - w*r. What is o(-6)?
8
Let v be 147/42 + (0 - 3). Let y(d) be the second derivative of 8*d - 4*d**2 + 0 + v*d**4 + 3/2*d**3 - 1/20*d**5. What is y(7)?
6
Let u = 55 - 51. Let w(a) = -9*a**2 - 3*a - 13. Let k(q) = 5*q**2 + 2*q + 7. Let y(c) = u*w(c) + 7*k(c). Give y(4).
-11
Let a(d) be the third derivative of d**4/12 - d**3/6 + 3*d**2 + 119*d. Determine a(5).
9
Let h(n) = n**2 - 16*n - 16. Let c(q) = -3*q**2 + 34*q + 32. Let f(p) = -2*c(p) - 5*h(p). Calculate f(-11).
5
Let b(d) be the third derivative of d**6/120 + d**5/20 - d**4/24 - d**2 + 1. What is b(-4)?
-12
Let h(b) be the first derivative of 11*b**2/2 - b - 121. Give h(1).
10
Let g(x) = x**3 - 30*x**2 + 29*x + 70. Let w be g(29). Suppose 18*l = 8*l + w. Let v(n) = n**3 - 7*n**2 + 3*n - 10. Determine v(l).
11
Let u(k) = -k**3 - 5*k**2 - 4*k. Let o = -10 + 6. Let p be u(o). Let f(h) = 3*h + 16*h**3 + h**2 - 15*h**3 + 3 + h**2 + p*h. Determine f(-2).
-3
Let d(g) be the third derivative of -g**4/12 - 2*g**3/3 - 4*g**2 + 34. Give d(3).
-10
Let d be 12/48 + 11/4. Suppose s = v - 0 - 15, 0 = d*s + 12. Let j(o) = 1 - o**2 + 9*o - v + 4. Give j(7).
8
Let v(d) = -3*d**3 + 3*d**2 + d - 4. Let n = 1520 - 1517. What is v(n)?
-55
Let f(u) = -u**3 + 10*u**2 - 5*u - 34. Let z be f(9). Let b(k) = k**3 - 4*k**2 + 2*k + 2. Determine b(z).
-2
Let o(k) be the third derivative of -k**5/60 - k**4/8 - k**3/6 + k**2. Let z = -19 - -21. Suppose -18 = -z*d - 28. Give o(d).
-11
Let v(w) = -8*w**2 + 5*w - 15. Let b(k) = 6*k**2 - 6*k + 14. Let a(l) = -3*b(l) - 2*v(l). Give a(3).
-6
Let c(t) be the second derivative of 2*t**2 + 18*t + 0 - 1/2*t**3. Give c(-3).
13
Let k(d) = -d**3 + 4*d**2 + 5*d - 6. Let n(z) = -z**3 + 3*z**2 + 6*z - 7. Let a(m) = -5*k(m) + 4*n(m). What is a(8)?
-6
Let g(r) = 13*r**3 - 6*r**2 + 7*r + 4. Let j(y) = -y**3 - y**2 + y + 1. Let q(z) = g(z) - 5*j(z). Calculate q(1).
18
Let i(o) = 10*o + 1 + 37*o - 18*o. Determine i(-1).
-28
Let i(n) = 3*n**2 - 141*n - 141. Let g be i(48). Let k(f) be the first derivative of -8*f + 9/2*f**2 - 1/3*f**g - 6. Give k(8).
0
Let x(t) = 0*t**2 - t**2 - 51 - 3*t + 49 + 4*t. Calculate x(0).
-2
Suppose 4*g - 16 = -0*g, -5*g + 25 = h. Suppose k = 18 - 15. Let a(c) = 6*c**3 - 5*c**k + 37*c**2 - 42*c**2. Calculate a(h).
0
Let a(r) = r**3 + r - 1. Let f(j) = j**2 - 8. Suppose -2*c = -4*q - 2, 3*c - 1 = 2*q + 2*q. Let y(l) = q*a(l) - f(l). Give y(0).
9
Let j(h) = -4*h**2 + 83*h + 23. Let y be j(21). Let c(b) be the first derivative of 1/4*b**4 + 2*b - 4 + 4/3*b**3 + 0*b**y. What is c(-3)?
11
Let b(q) = q**2 + 7*q + 9. Suppose -2*l + v = 3*v - 20, 2*v = 3*l - 5. Suppose 1 + l = -m. Determine b(m).
3
Let q be (-3)/4 + (-2)/8. Let r be 1 - 0 - 66/(-22). Let o(g) = -r + 6 - 3*g - 1. Calculate o(q).
4
Let y(c) = c - 1. Let q = -1128 - -1131. Let o(k